d 11.
11
Let i = -160 - -190. Suppose 0 = -4*x + 812 + 28. Calculate the greatest common divisor of i and x.
30
Let w be (6/(-15))/((-5)/150). Suppose 2*y - w = 6. Let n be (9/3 - 0) + y. Calculate the highest common divisor of n and 18.
6
Suppose 13*u - 39 = 10*u. Calculate the greatest common factor of u and 325.
13
Let n = -777 - -861. Calculate the greatest common factor of 525 and n.
21
Suppose 3*i + 0*l + 2*l - 109 = 0, 48 = i + 3*l. What is the greatest common factor of 363 and i?
33
Let u = 875 + -732. What is the greatest common factor of u and 66?
11
Let c = 5 - -9. Suppose -4*n - 3*b = -625, -20*b + 19*b = -5*n + 767. Calculate the highest common divisor of n and c.
14
Suppose 14*b - 11*b = 360. Calculate the highest common divisor of b and 84.
12
Let u = -6649 + 6663. Let o(h) = -h**2 + h. Let a be o(-6). Let g be ((-4)/3)/(1/a). Calculate the highest common factor of u and g.
14
Let q(l) = -3*l**2 + 117*l - 62. Let f be q(38). What is the greatest common factor of f and 728?
52
Let v(r) = 4 - 4 + 5 + 2*r + 13*r**2 + r**3 + 11. Let k be v(-12). Calculate the highest common divisor of 17 and k.
17
Suppose -342 = -6*o + 288. Calculate the greatest common divisor of o and 63.
21
Let n be (456/190)/(((-14)/15)/(-7)). What is the highest common divisor of n and 801?
9
Let t(q) = -q**3 - 7*q**2 + 16*q - 9. Let y be t(-9). Suppose 12*i - y*i - 45 = 0. What is the greatest common divisor of i and 15?
15
Let r(s) = 75*s**2 + 8*s + 8. Let b be r(-1). Calculate the greatest common divisor of 5 and b.
5
Let t(l) = -l**3 - 9*l**2 + 7*l + 10. Let b be t(-10). Suppose -3*h + b = -41. What is the highest common factor of 3 and h?
3
Let o(a) = -13*a + 10. Let f be o(-2). Suppose 4*t - f = 28. What is the highest common divisor of 56 and t?
8
Let w(u) be the second derivative of u**4/2 + 2*u**3/3 - 2*u**2 - 7*u. Let k be w(4). What is the highest common factor of 12 and k?
12
Suppose 2*n = 53 + 27. Suppose g = 128 + n. Let q = 13 + 11. What is the greatest common factor of g and q?
24
Let i be (-4)/(-2) + 3 + -2. Suppose -2*c + 10 = 0, i*p = -2*p + c - 790. Let h = 283 + p. What is the highest common factor of h and 14?
14
Suppose y + 746 = 751. Calculate the greatest common divisor of 230 and y.
5
Let t(c) = -4*c - 3. Let g(q) = -q**2 - 6*q + 2. Let p be g(-5). Let a be t(p). Let i = a - -86. Calculate the greatest common factor of i and 5.
5
Let i = -75 - -190. What is the greatest common factor of i and 10?
5
Let j = -319 - -553. What is the greatest common divisor of 18 and j?
18
Let i be -2 - (-2 - (1 + 15)). Let s = -267 - -331. Calculate the greatest common factor of s and i.
16
Let n(i) be the first derivative of -i**3/3 - 9*i**2/2 - 5*i + 14. Let w be n(-5). What is the greatest common factor of 135 and w?
15
Let x(d) = 4*d**2 - 2*d - 80. Let j be x(7). Suppose w = 4*w - 2*q - 198, -3*q = w - 77. Calculate the highest common divisor of j and w.
34
Suppose 0 = -5*h - q + 11, -4*h + 3 = 2*q - 7. Let p = -2 + h. Let y be 528/30*(p + 5). Calculate the greatest common divisor of 11 and y.
11
Suppose -177*o = -200*o + 897. Calculate the greatest common divisor of o and 39.
39
Let z(q) = -3*q + 12. Let m be z(4). Suppose 3*t + 5 - 20 = m. Calculate the highest common factor of 15 and t.
5
Let n be (-2 - (2 + -3)) + 4. Suppose 0 = 2*k + 2*c - 4, 0 = n*k - 2*c - 16. Let u be 25/(-4) + 7 + 1/4. What is the highest common divisor of u and k?
1
Let s(v) = -25*v + 36. Let m be s(10). Let d = 304 + m. What is the highest common divisor of d and 9?
9
Let z(t) = -t**3 + 5*t**2 + 5*t + 5. Let u be z(6). Let d be 27/36 - u/4. Let i(p) = -p - 14. Let s be i(-18). What is the highest common divisor of d and s?
1
Suppose 5*y = -57 + 392. Let c be (-4)/4 - -1*y. Calculate the greatest common factor of 6 and c.
6
Suppose -a = 4*a - l - 87, 0 = -l + 3. Let g = 8 + -10. Let y be (3/g - 0)*-4. Calculate the highest common factor of a and y.
6
Let t(l) = -l**3 + 2*l**2 + 3*l. Let q be t(3). Let w(c) = 13*c - 1. Let x be w(7). Suppose -4*s + 50 + x = q. What is the greatest common divisor of s and 7?
7
Let w = 4 - -6. Let f = -15 + w. Let x = 6 + f. What is the highest common factor of 1 and x?
1
Suppose -705 = -55*d + 1055. Calculate the greatest common factor of 176 and d.
16
Suppose -4*z - 227 = -675. Calculate the highest common divisor of z and 35.
7
Let z = -288 + 744. Calculate the highest common divisor of z and 57.
57
Suppose 88 = -57*s + 61*s. Calculate the greatest common factor of 77 and s.
11
Suppose -3*w + w + 32 = 0. Let f be 20/(-150) + 5/(75/122). Calculate the greatest common divisor of w and f.
8
Let k = -88 + 55. Let t = k + 57. What is the highest common divisor of t and 6?
6
Let m(f) = 29*f + 224. Let b be m(-4). Calculate the highest common factor of b and 396.
36
Suppose -3*z + 4*w = -5*z + 62, 3*z - 100 = w. Suppose 3*c + 101 = 5*t, -3*t = 112*c - 108*c - 78. Calculate the highest common factor of z and t.
11
Suppose -13 = -i + 23. Let q = -27 + i. What is the highest common divisor of 6 and q?
3
Let y(v) = 113*v - 13. Let d be y(-3). Let j = -196 - d. What is the greatest common factor of 12 and j?
12
Suppose 788 = -0*z - 2*z + 4*x, x + 1915 = -5*z. Let y = z - -618. What is the greatest common divisor of y and 26?
26
Let j be ((-14 - -13) + 122/14)*7. What is the highest common divisor of j and 6?
6
Let q = 705 + -679. What is the greatest common factor of 234 and q?
26
Let d be 8/(-52) - 6872/(-52). What is the greatest common divisor of d and 24?
12
Let w(h) = h - 4. Let c be w(5). Let a(m) = c + 1 + 3*m**2 + m - 6*m + m. Let n be a(2). What is the highest common divisor of 15 and n?
3
Suppose -6*y + 480 = -0*y. Let f = 55 + y. Calculate the highest common factor of f and 15.
15
Let k(n) = -6*n**3 - 4*n**2 + 4*n - 2. Let s be k(-3). Calculate the highest common divisor of s and 96.
16
Let w = -221 + 354. Let r = 221 - w. Let o be 0 + 3 + r/4. What is the greatest common divisor of o and 50?
25
Let g be (-5)/((-15)/9) + 0. Suppose 2*s + 30 = g*s. What is the greatest common divisor of 12 and s?
6
Let z = 1009 - 873. Calculate the highest common divisor of 32 and z.
8
Let i be ((-153)/(-34))/((-1)/(-32)) + -1. What is the greatest common factor of i and 55?
11
Suppose 3*m + 3 - 30 = 0. Let r(d) = d**3 + 26*d**2 - 2*d + 20. Let s be r(-26). What is the greatest common divisor of m and s?
9
Let o be 3/(-9)*4*2925/(-130). Let b = 194 + -74. What is the greatest common factor of o and b?
30
Let a(s) = -2*s + 2. Let r be a(-6). Let v be -3 + 0 + 1 + r. Let g(m) = -m**2 + 24*m - 14. Let h be g(22). Calculate the highest common factor of v and h.
6
Let c(d) = -d**3 + 10*d**2 - 9*d - 6. Let n be c(4). Calculate the greatest common factor of 6 and n.
6
Let w be (-1 - -3) + -4 - -9. Let b = 6513 - 6478. What is the highest common factor of w and b?
7
Let s be (-2 - -8) + (-9)/((-9)/2). Suppose 4*b - 1804 = 5*j - 3*j, 4*j = -s. What is the highest common divisor of b and 50?
50
Let u(x) = -x**3 - x**2 + 2*x + 1. Let o be u(0). Let k be 3*(-20)/(-12)*o*4. What is the highest common divisor of k and 10?
10
Suppose -4*a + 2*z = -a - 49, -55 = -3*a - 4*z. What is the highest common factor of a and 17?
17
Let b be 5806/18 - 4/(-9). Calculate the highest common divisor of 17 and b.
17
Suppose 0 = -4*j + 5*a + 58 + 11, 2*a = -2. What is the highest common factor of j and 432?
16
Let i(v) = -v**3 - 8*v**2 + 46*v - 20. Let n be i(-12). Let p(b) = 2*b - 2 - 4 + 0. Let w be p(4). What is the highest common divisor of n and w?
2
Suppose 2*r = r + 25. Let o be (-3)/((-4)/((-12)/(-3))). Suppose o*s - 150 = s. What is the highest common divisor of s and r?
25
Suppose -4*k + 2*p = -156, 2*k - 2*p - 94 = 3*p. Let h = 55 - k. What is the highest common divisor of h and 36?
18
Let r(y) = -15*y**2 - 49*y**3 + 27*y**2 - 7*y - 6 - 16*y**2 + 48*y**3. Let p be (1 + 4)*(-2)/2. Let u be r(p). Calculate the highest common divisor of 6 and u.
6
Let g = 1677 + -1671. Let n(o) = o**2 + 2*o - 3. Suppose 5*u + 5*j = -5, 12 = -j + 4*j. Let b be n(u). Calculate the greatest common divisor of g and b.
6
Suppose -5*j = -4*f - 27, f - 2*f + 3*j = 12. Let g be (1/f)/((-12)/144). Calculate the greatest common factor of g and 4.
4
Let j be 3*(3 - 0 - 2). Suppose 3*g = j*c - 45, -c + 5*g